{"id":333,"date":"2019-12-06T13:38:41","date_gmt":"2019-12-06T13:38:41","guid":{"rendered":"http:\/\/2020.kleinheringen.de\/?page_id=333"},"modified":"2024-07-08T09:51:33","modified_gmt":"2024-07-08T09:51:33","slug":"denkmal","status":"publish","type":"page","link":"https:\/\/www.kleinheringen.de\/?page_id=333","title":{"rendered":"Denkmal"},"content":{"rendered":"\n<p class=\"has-black-color has-text-color has-link-color wp-elements-7a03b1258fe461a9c995589e4cef7eee\">Das Kriegerdenkmal Kleinheringen ist ein denkmalgesch\u00fctztes Kriegerdenkmal in der Ortschaft Kleinheringen des Ortsteil Bad K\u00f6sen der Stadt Naumburg in Sachsen-Anhalt. Im \u00f6rtlichen Denkmalverzeichnis ist die Gedenkst\u00e4tte unter der Erfassungsnummer 094 95567 als Baudenkmal verzeichnet.<\/p>\n\n\n\n<figure class=\"wp-block-gallery has-nested-images columns-default is-cropped wp-block-gallery-1 is-layout-flex wp-block-gallery-is-layout-flex\">\n<figure class=\"wp-block-image size-large\"><a href=\"https:\/\/www.kleinheringen.de\/wp-content\/uploads\/2019\/12\/Kriegerdenkmal_Kleinheringen-scaled.jpg\"><img loading=\"lazy\" decoding=\"async\" width=\"1024\" height=\"682\" data-id=\"334\" src=\"https:\/\/www.kleinheringen.de\/wp-content\/uploads\/2019\/12\/Kriegerdenkmal_Kleinheringen-1024x682.jpg\" alt=\"\" class=\"wp-image-334\" srcset=\"https:\/\/www.kleinheringen.de\/wp-content\/uploads\/2019\/12\/Kriegerdenkmal_Kleinheringen-1024x682.jpg 1024w, https:\/\/www.kleinheringen.de\/wp-content\/uploads\/2019\/12\/Kriegerdenkmal_Kleinheringen-300x200.jpg 300w, https:\/\/www.kleinheringen.de\/wp-content\/uploads\/2019\/12\/Kriegerdenkmal_Kleinheringen-768x511.jpg 768w, https:\/\/www.kleinheringen.de\/wp-content\/uploads\/2019\/12\/Kriegerdenkmal_Kleinheringen-1536x1023.jpg 1536w, https:\/\/www.kleinheringen.de\/wp-content\/uploads\/2019\/12\/Kriegerdenkmal_Kleinheringen-2048x1364.jpg 2048w\" sizes=\"(max-width: 1024px) 100vw, 1024px\" \/><\/a><figcaption class=\"wp-element-caption\">Die Denkmalgruppe im Jahr 2018<\/figcaption><\/figure>\n<\/figure>\n\n\n\n<p class=\"has-black-color has-text-color has-link-color wp-elements-dc173f0506cd072d193f1d2282b56601\">Das Kriegerdenkmal von Kleinheringen steht in der N\u00e4he des Spielplatzes des Ortes. Es besteht aus drei Stelen, die an die Gefallenen des Krieges von 1870\/71, des Ersten Weltkriegs und des Zweiten Weltkriegs erinnern sollen. Die linke Stele enth\u00e4lt die Inschrift 1870-1871 sowie eine Gedenktafel. Die Inschrift der Gedenktafel lautet &#8222;Dem Andenken des in der Schlacht Gravelotte gefallenen&#8220; und den Namen des Gefallenen. Die mittlere Stele wurde f\u00fcr die Gefallenen des Ersten Weltkriegs errichtet und wird von einem Eisernen Kreuz gekr\u00f6nt. Die Gedenktafel der Stele enth\u00e4lt die Inschrift &#8222;1914 \u2013 1918 Zum Ged\u00e4chtnis unseren tapferen Helden in Dankbarkeit gewidmet v. d. Gemeinde Kleinheringen&#8220; sowie die Namen der Gefallenen. F\u00fcr die Gefallenen des Zweiten Weltkriegs wurde die rechte Stele errichtet. Derer Gedenktafel enth\u00e4lt die Inschrift &#8222;Unseren S\u00f6hnen zum Ged\u00e4chtnis 1939 \u2013 1945&#8220; und die Namen der Gefallenen. Vor den Stelen befindet sich eine Absperrung aus einigen Posten und einer Kette. Die Kette selber ist ebenfalls mit Eisernen Kreuzen verziert.<\/p>\n\n\n\n<h2 class=\"wp-block-heading\">Denkmal 1870\/1871<\/h2>\n\n\n\n<p class=\"has-black-color has-text-color has-link-color wp-elements-fe7ef99a822b06446703a58568b56636\">Inschrift: &#8222;Dem Andenken des in der Schlacht Gravelotte gefallenen&#8220;<\/p>\n\n\n\n<figure class=\"wp-block-table\"><table class=\"has-black-color has-text-color has-link-color\"><tbody><tr><td><strong>Familienname<\/strong><\/td><td><strong>Vorname<\/strong><\/td><td><strong>Todesort<\/strong><\/td><td><strong>Milit\u00e4r. Einheit<\/strong><\/td><\/tr><tr><td>Wollweber<\/td><td>Ernst Gustav<\/td><td>Gravelotte<\/td><td>Magd. F\u00fc\u00df. Reg. Nr. 26<\/td><\/tr><\/tbody><\/table><\/figure>\n\n\n\n<p class=\"has-black-color has-text-color has-link-color wp-elements-f13e9707b867b07da4ac016651efb1b1\">Eine Recherche hat ergeben, dass E.G. Wollweber in der namentlichen Verlustliste der im Feldzuge 1870\/71 Gefallenen in der 2. Schlacht bei Gravelotte am 18. August 1870 in der 12. Kompanie des Magdeburgischen F\u00fc\u00dflier-Regiments Nr. 36 gef\u00fchrt ist. In der Schlacht bei Gravelotte sind 78 Mann gestorben, 49 ihren Wunden erlegen und 390 Mann verwundet worden.<\/p>\n\n\n\n<h2 class=\"wp-block-heading\">Denkmal 1. Weltkrieg<\/h2>\n\n\n\n<p class=\"has-black-color has-text-color has-link-color wp-elements-a2d6a3f85fa9d9c193ab7cc7a5b3ae72\">Inschrift: &#8222;Zum Ged\u00e4chtnis unseren tapferen Helden (Namen) in Dankbarkeit gewidmet v.d. Gemeinde Kleinheringen&#8220;<\/p>\n\n\n\n<figure class=\"wp-block-table\"><table class=\"has-black-color has-text-color has-link-color\"><tbody><tr><td><strong>Familienname<\/strong><\/td><td><strong>Vorname<\/strong><\/td><td><strong>Todesdatum<\/strong><\/td><td><strong>Bemerkungen<\/strong><\/td><\/tr><tr><td>Jahr<\/td><td>Otto<\/td><td>09.06.1915<\/td><td><\/td><\/tr><tr><td>Kretschmer<\/td><td>Felix<\/td><td>20.06.1916<\/td><td><\/td><\/tr><tr><td>M\u00fcller<\/td><td>Johannes<\/td><td>03.01.1918<\/td><td><\/td><\/tr><tr><td>Orlam\u00fcnde<\/td><td>Emil<\/td><td>07.03.1919<\/td><td><\/td><\/tr><tr><td>Putze<\/td><td>Karl<\/td><td>20.09.1914<\/td><td>vermisst<\/td><\/tr><tr><td>Schr\u00f6ck<\/td><td>Kurt<\/td><td>01.10.1915<\/td><td><\/td><\/tr><tr><td>Steinborn<\/td><td>Emil<\/td><td>20.09.1914<\/td><td>vermisst<\/td><\/tr><\/tbody><\/table><\/figure>\n\n\n\n<h2 class=\"wp-block-heading\">Denkmal 2. Weltkrieg<\/h2>\n\n\n\n<p class=\"has-black-color has-text-color has-link-color wp-elements-c14fe648f06013cffde3e723e2f6071f\">Inschrift: &#8222;Unseren S\u00f6hnen zum Ged\u00e4chtnis&#8220;<\/p>\n\n\n\n<figure class=\"wp-block-table\"><table class=\"has-black-color has-text-color has-link-color\"><tbody><tr><td><strong>Familienname<\/strong><\/td><td><strong>Vorname<\/strong><\/td><td><strong>Geburtsjahr<\/strong><\/td><td><strong>Todesjahr<\/strong><\/td><td><strong>Bemerkungen<\/strong><\/td><\/tr><tr><td>Ehrlich<\/td><td>Ernst<\/td><td>1923<\/td><td>1942<\/td><td><\/td><\/tr><tr><td>Griese<\/td><td>Rudolf<\/td><td>1907<\/td><td>1944<\/td><td>V<\/td><\/tr><tr><td>Hoyme<\/td><td>Oswin<\/td><td>1912<\/td><td>1944<\/td><td>V<\/td><\/tr><tr><td>Marggraf<\/td><td>Fritz<\/td><td>1914<\/td><td>1946<\/td><td><\/td><\/tr><tr><td>Pfufar<\/td><td>Walter<\/td><td>1909<\/td><td>1944<\/td><td>V<\/td><\/tr><tr><td>Sch\u00f6ppe<\/td><td>Kurt<\/td><td>1914<\/td><td>1942<\/td><td><\/td><\/tr><tr><td>Wagner<\/td><td>Paul<\/td><td>1915<\/td><td>1942<\/td><td><\/td><\/tr><tr><td>Wei\u00dfenborn<\/td><td>Erich<\/td><td>1910<\/td><td>1944<\/td><td><\/td><\/tr><tr><td>Zanke<\/td><td>Ernst<\/td><td>1923<\/td><td>1945<\/td><td>V<\/td><\/tr><tr><td>Zanke<\/td><td>Rudolf<\/td><td>1922<\/td><td>1942<\/td><td><\/td><\/tr><\/tbody><\/table><\/figure>\n","protected":false},"excerpt":{"rendered":"<p>Das Kriegerdenkmal Kleinheringen ist ein denkmalgesch\u00fctztes Kriegerdenkmal in der Ortschaft Kleinheringen des Ortsteil Bad K\u00f6sen der Stadt Naumburg in Sachsen-Anhalt. Im \u00f6rtlichen Denkmalverzeichnis ist die Gedenkst\u00e4tte unter der Erfassungsnummer 094 95567 als Baudenkmal verzeichnet. Das Kriegerdenkmal von Kleinheringen steht in<\/p>\n","protected":false},"author":1,"featured_media":0,"parent":0,"menu_order":0,"comment_status":"closed","ping_status":"closed","template":"","meta":{"footnotes":""},"_links":{"self":[{"href":"https:\/\/www.kleinheringen.de\/index.php?rest_route=\/wp\/v2\/pages\/333"}],"collection":[{"href":"https:\/\/www.kleinheringen.de\/index.php?rest_route=\/wp\/v2\/pages"}],"about":[{"href":"https:\/\/www.kleinheringen.de\/index.php?rest_route=\/wp\/v2\/types\/page"}],"author":[{"embeddable":true,"href":"https:\/\/www.kleinheringen.de\/index.php?rest_route=\/wp\/v2\/users\/1"}],"replies":[{"embeddable":true,"href":"https:\/\/www.kleinheringen.de\/index.php?rest_route=%2Fwp%2Fv2%2Fcomments&post=333"}],"version-history":[{"count":6,"href":"https:\/\/www.kleinheringen.de\/index.php?rest_route=\/wp\/v2\/pages\/333\/revisions"}],"predecessor-version":[{"id":592,"href":"https:\/\/www.kleinheringen.de\/index.php?rest_route=\/wp\/v2\/pages\/333\/revisions\/592"}],"wp:attachment":[{"href":"https:\/\/www.kleinheringen.de\/index.php?rest_route=%2Fwp%2Fv2%2Fmedia&parent=333"}],"curies":[{"name":"wp","href":"https:\/\/api.w.org\/{rel}","templated":true}]}}